{"id":290,"date":"2017-06-21T04:59:10","date_gmt":"2017-06-21T04:59:10","guid":{"rendered":"http:\/\/smartdata.tonytemplates.com\/cleaning-service\/?page_id=290"},"modified":"2021-10-21T13:29:26","modified_gmt":"2021-10-21T13:29:26","slug":"about-us","status":"publish","type":"page","link":"https:\/\/ab-environnement.fr\/?page_id=290","title":{"rendered":"A Propos"},"content":{"rendered":"<p>[vc_row css=&#8221;.vc_custom_1517547723395{margin-top: -25px !important;}&#8221;][vc_column][vc_column_text]<\/p>\n<h1 class=\"text-center h-decor\">Qui Sommes Nous ?<\/h1>\n<div class=\"text-center max-700\">\n<p class=\"p-lg\">Le nettoyage est votre priorit\u00e9 alors pour des services r\u00e9guliers et de qualit\u00e9s pourquoi ne pas nous appeler pour prendre soin de votre environnement.<\/p>\n<\/div>\n<p>[\/vc_column_text][\/vc_column][\/vc_row][vc_row full_width=&#8221;stretch_row_content_no_spaces&#8221;][vc_column][vc_raw_html]JTNDZGl2JTIwY2xhc3MlM0QlMjJyb3ctZmxleC10ZXh0JTIyJTNFJTBBJTNDZGl2JTIwY2xhc3MlM0QlMjJjb2wtNTAlMjBiZy1jb3ZlciUyMGhpZGUtYmctc20lMjIlMjBzdHlsZSUzRCUyMmJhY2tncm91bmQtaW1hZ2UlM0ElMjB1cmwlMjglMjdodHRwJTNBJTJGJTJGc21hcnRkYXRhLnRvbnl0ZW1wbGF0ZXMuY29tJTJGY2xlYW5pbmctc2VydmljZSUyRmRlbW8yJTJGd3AtY29udGVudCUyRnVwbG9hZHMlMkZzaXRlcyUyRjUlMkYyMDE5JTJGMDIlMkZhYm91dC1wYWdlLWltZy0xLmpwZyUyNyUyOSUzQiUyMiUyMGRhdGEtYmclM0QlMjJodHRwJTNBJTJGJTJGc21hcnRkYXRhLnRvbnl0ZW1wbGF0ZXMuY29tJTJGY2xlYW5pbmctc2VydmljZSUyRmRlbW8yJTJGd3AtY29udGVudCUyRnVwbG9hZHMlMkZzaXRlcyUyRjMlMkYyMDE5JTJGMDElMkZhYm91dC1wYWdlLWltZy0xLmpwZyUyMiUzRSUwQSUzQ2RpdiUyMGNsYXNzJTNEJTIydmlzaWJsZS1zbSUyMHZpc2libGUteHMlMjIlM0UlM0NpbWclMjBjbGFzcyUzRCUyMmltZy1mdWxsd2lkdGglMjIlMjBzcmMlM0QlMjJodHRwJTNBJTJGJTJGc21hcnRkYXRhLnRvbnl0ZW1wbGF0ZXMuY29tJTJGY2xlYW5pbmctc2VydmljZSUyRmRlbW8yJTJGd3AtY29udGVudCUyRnVwbG9hZHMlMkZzaXRlcyUyRjUlMkYyMDE5JTJGMDIlMkZhYm91dC1wYWdlLWltZy0xLmpwZyUyMiUyMGFsdCUzRCUyMkFib3V0JTIwVXMlMjIlMjAlMkYlM0UlM0MlMkZkaXYlM0UlMEElM0MlMkZkaXYlM0UlMEElM0NkaXYlMjBjbGFzcyUzRCUyMmNvbC01MCUyMGJnLXRleHQlMjIlM0UlMEElM0NkaXYlMjBjbGFzcyUzRCUyMmJnLXRleHQtaW5zaWRlJTIyJTNFJTBBJTNDaDQlM0VQbHVzJTIwZGUlMjAyMCUyMGFucyUyMGQlRTIlODAlOTlleHAlQzMlQTlyaWVuY2UlMjBkYW5zJTIwbGUlMjBtaWxpZXUlMkMlMjBBQi1FbnZpcm9ubmVtZW50JTIwZXN0JTIwdW5lJTIwc29jaSVDMyVBOXQlQzMlQTklMjBkZSUyMHNlcnZpY2UlMjBkZSUyMG5ldHRveWFnZSUyMHF1aSUyMHNlJTIwZGl2ZXJzaWZpZSUyMGRhbnMlMjBkaXZlcnNlcyUyMHNvbHV0aW9ucyUyMGV0JTIwY29tcCVDMyVBOXRlbmNlcyUyMGRlJTIwcXVhbGl0JUMzJUE5cyUyMHF1aSUyMHNvbnQlMjBmaWFibGVzJTIwcG91ciUyMG5vcyUyMGNsaWVudHMlMjBjb21tZXJjaWF1eCUyQyUyMGNvcnBvcmF0aWZzJTJDJTIwaW5kdXN0cmllbCUyMGV0JTIwciVDMyVBOXNpZGVudGllbHMuJTBBTm91cyUyMHByZW5vbnMlMjAlQzMlQTAlMjBjJUM1JTkzdXIlMjBsZXMlMjBleGlnZW5jZXMlMjBkZSUyMG5vcyUyMGNsaWVudHMlMjBhZmluJTIwZGUlMjBsZXVyJTIwZm91cm5pciUyMHVuZSUyMHByZXN0YXRpb24lMjBkZSUyMG5ldHRveWFnZSUyMGNvaCVDMyVBOXJlbnRzJTIwJUMzJUEwJTIwbGV1cnMlMjBhdHRlbnRlcy4lMEElM0MlMkZkaXYlM0UlMEElM0MlMkZkaXYlM0UlMEElM0MlMkZkaXYlM0U=[\/vc_raw_html][\/vc_column][\/vc_row][vc_row][vc_column][vc_empty_space height=&#8221;50px&#8221;]<div class=\"row\">        <div class=\"col-sm-6 col-xs-12\">\n                        <div class=\"text-icon-hor\">\n                <div class=\"text-icon-hor-icon\">\n                    <i class=\"icon icon-target-lined\"><\/i>\n                <\/div>\n                <div class=\"text-icon-hor-text\">\n                    <h3>Notre Mission<\/h3>\n                    Nous visons \u00e0 \u00eatre au c\u0153ur de la satisfaction des clients dans la fourniture de service de nettoyage en offrant des solutions de nettoyage fiables, rentables et surtout de qualit\u00e9s pour nos clients.                                    <\/div>\n            <\/div>\n                    <\/div>\n                <div class=\"col-sm-6 col-xs-12\">\n                        <div class=\"text-icon-hor\">\n                <div class=\"text-icon-hor-icon\">\n                    <i class=\"icon icon-brush-lined\"><\/i>\n                <\/div>\n                <div class=\"text-icon-hor-text\">\n                    <h3>Notre Vision<\/h3>\n                    AB-Environnement est une entreprise qui \u00e0 bient\u00f4t 20 ans d\u2019existence reste attach\u00e9 a ses principes et ses valeurs primordiale.                                    <\/div>\n            <\/div>\n                    <\/div>\n        <\/div>[vc_empty_space height=&#8221;100px&#8221;][\/vc_column][\/vc_row][vc_row el_class=&#8221;block&#8221;][vc_column][vc_single_image image=&#8221;1395&#8243; img_size=&#8221;full&#8221; alignment=&#8221;center&#8221;][\/vc_column][\/vc_row]<\/p>\n","protected":false},"excerpt":{"rendered":"<p>[vc_row css=&#8221;.vc_custom_1517547723395{margin-top: -25px !important;}&#8221;][vc_column][vc_column_text] Qui Sommes Nous ? Le nettoyage est votre priorit\u00e9 alors pour des services r\u00e9guliers et de qualit\u00e9s pourquoi ne pas nous appeler pour prendre soin de votre environnement. [\/vc_column_text][\/vc_column][\/vc_row][vc_row full_width=&#8221;stretch_row_content_no_spaces&#8221;][vc_column][vc_raw_html]JTNDZGl2JTIwY2xhc3MlM0QlMjJyb3ctZmxleC10ZXh0JTIyJTNFJTBBJTNDZGl2JTIwY2xhc3MlM0QlMjJjb2wtNTAlMjBiZy1jb3ZlciUyMGhpZGUtYmctc20lMjIlMjBzdHlsZSUzRCUyMmJhY2tncm91bmQtaW1hZ2UlM0ElMjB1cmwlMjglMjdodHRwJTNBJTJGJTJGc21hcnRkYXRhLnRvbnl0ZW1wbGF0ZXMuY29tJTJGY2xlYW5pbmctc2VydmljZSUyRmRlbW8yJTJGd3AtY29udGVudCUyRnVwbG9hZHMlMkZzaXRlcyUyRjUlMkYyMDE5JTJGMDIlMkZhYm91dC1wYWdlLWltZy0xLmpwZyUyNyUyOSUzQiUyMiUyMGRhdGEtYmclM0QlMjJodHRwJTNBJTJGJTJGc21hcnRkYXRhLnRvbnl0ZW1wbGF0ZXMuY29tJTJGY2xlYW5pbmctc2VydmljZSUyRmRlbW8yJTJGd3AtY29udGVudCUyRnVwbG9hZHMlMkZzaXRlcyUyRjMlMkYyMDE5JTJGMDElMkZhYm91dC1wYWdlLWltZy0xLmpwZyUyMiUzRSUwQSUzQ2RpdiUyMGNsYXNzJTNEJTIydmlzaWJsZS1zbSUyMHZpc2libGUteHMlMjIlM0UlM0NpbWclMjBjbGFzcyUzRCUyMmltZy1mdWxsd2lkdGglMjIlMjBzcmMlM0QlMjJodHRwJTNBJTJGJTJGc21hcnRkYXRhLnRvbnl0ZW1wbGF0ZXMuY29tJTJGY2xlYW5pbmctc2VydmljZSUyRmRlbW8yJTJGd3AtY29udGVudCUyRnVwbG9hZHMlMkZzaXRlcyUyRjUlMkYyMDE5JTJGMDIlMkZhYm91dC1wYWdlLWltZy0xLmpwZyUyMiUyMGFsdCUzRCUyMkFib3V0JTIwVXMlMjIlMjAlMkYlM0UlM0MlMkZkaXYlM0UlMEElM0MlMkZkaXYlM0UlMEElM0NkaXYlMjBjbGFzcyUzRCUyMmNvbC01MCUyMGJnLXRleHQlMjIlM0UlMEElM0NkaXYlMjBjbGFzcyUzRCUyMmJnLXRleHQtaW5zaWRlJTIyJTNFJTBBJTNDaDQlM0VQbHVzJTIwZGUlMjAyMCUyMGFucyUyMGQlRTIlODAlOTlleHAlQzMlQTlyaWVuY2UlMjBkYW5zJTIwbGUlMjBtaWxpZXUlMkMlMjBBQi1FbnZpcm9ubmVtZW50JTIwZXN0JTIwdW5lJTIwc29jaSVDMyVBOXQlQzMlQTklMjBkZSUyMHNlcnZpY2UlMjBkZSUyMG5ldHRveWFnZSUyMHF1aSUyMHNlJTIwZGl2ZXJzaWZpZSUyMGRhbnMlMjBkaXZlcnNlcyUyMHNvbHV0aW9ucyUyMGV0JTIwY29tcCVDMyVBOXRlbmNlcyUyMGRlJTIwcXVhbGl0JUMzJUE5cyUyMHF1aSUyMHNvbnQlMjBmaWFibGVzJTIwcG91ciUyMG5vcyUyMGNsaWVudHMlMjBjb21tZXJjaWF1eCUyQyUyMGNvcnBvcmF0aWZzJTJDJTIwaW5kdXN0cmllbCUyMGV0JTIwciVDMyVBOXNpZGVudGllbHMuJTBBTm91cyUyMHByZW5vbnMlMjAlQzMlQTAlMjBjJUM1JTkzdXIlMjBsZXMlMjBleGlnZW5jZXMlMjBkZSUyMG5vcyUyMGNsaWVudHMlMjBhZmluJTIwZGUlMjBsZXVyJTIwZm91cm5pciUyMHVuZSUyMHByZXN0YXRpb24lMjBkZSUyMG5ldHRveWFnZSUyMGNvaCVDMyVBOXJlbnRzJTIwJUMzJUEwJTIwbGV1cnMlMjBhdHRlbnRlcy4lMEElM0MlMkZkaXYlM0UlMEElM0MlMkZkaXYlM0UlMEElM0MlMkZkaXYlM0U=[\/vc_raw_html][\/vc_column][\/vc_row][vc_row][vc_column][vc_empty_space height=&#8221;50px&#8221;][vc_empty_space height=&#8221;100px&#8221;][\/vc_column][\/vc_row][vc_row el_class=&#8221;block&#8221;][vc_column][vc_single_image image=&#8221;1395&#8243; img_size=&#8221;full&#8221; alignment=&#8221;center&#8221;][\/vc_column][\/vc_row]<\/p>\n","protected":false},"author":1,"featured_media":0,"parent":0,"menu_order":0,"comment_status":"closed","ping_status":"closed","template":"","meta":{"footnotes":""},"class_list":["post-290","page","type-page","status-publish","hentry"],"yoast_head":"<!-- This site is optimized with the Yoast SEO plugin v27.3 - https:\/\/yoast.com\/product\/yoast-seo-wordpress\/ -->\n<title>A Propos - Entreprise de nettoyage<\/title>\n<meta name=\"robots\" content=\"index, follow, max-snippet:-1, max-image-preview:large, max-video-preview:-1\" \/>\n<link rel=\"canonical\" href=\"https:\/\/ab-environnement.fr\/?page_id=290\" \/>\n<meta property=\"og:locale\" content=\"fr_FR\" \/>\n<meta property=\"og:type\" content=\"article\" \/>\n<meta property=\"og:title\" content=\"A Propos - Entreprise de nettoyage\" \/>\n<meta property=\"og:description\" content=\"[vc_row css=&#8221;.vc_custom_1517547723395{margin-top: -25px !important;}&#8221;][vc_column][vc_column_text] Qui Sommes Nous ? Le nettoyage est votre priorit\u00e9 alors pour des services r\u00e9guliers et de qualit\u00e9s pourquoi ne pas nous appeler pour prendre soin de votre environnement. [\/vc_column_text][\/vc_column][\/vc_row][vc_row full_width=&#8221;stretch_row_content_no_spaces&#8221;][vc_column][vc_raw_html]JTNDZGl2JTIwY2xhc3MlM0QlMjJyb3ctZmxleC10ZXh0JTIyJTNFJTBBJTNDZGl2JTIwY2xhc3MlM0QlMjJjb2wtNTAlMjBiZy1jb3ZlciUyMGhpZGUtYmctc20lMjIlMjBzdHlsZSUzRCUyMmJhY2tncm91bmQtaW1hZ2UlM0ElMjB1cmwlMjglMjdodHRwJTNBJTJGJTJGc21hcnRkYXRhLnRvbnl0ZW1wbGF0ZXMuY29tJTJGY2xlYW5pbmctc2VydmljZSUyRmRlbW8yJTJGd3AtY29udGVudCUyRnVwbG9hZHMlMkZzaXRlcyUyRjUlMkYyMDE5JTJGMDIlMkZhYm91dC1wYWdlLWltZy0xLmpwZyUyNyUyOSUzQiUyMiUyMGRhdGEtYmclM0QlMjJodHRwJTNBJTJGJTJGc21hcnRkYXRhLnRvbnl0ZW1wbGF0ZXMuY29tJTJGY2xlYW5pbmctc2VydmljZSUyRmRlbW8yJTJGd3AtY29udGVudCUyRnVwbG9hZHMlMkZzaXRlcyUyRjMlMkYyMDE5JTJGMDElMkZhYm91dC1wYWdlLWltZy0xLmpwZyUyMiUzRSUwQSUzQ2RpdiUyMGNsYXNzJTNEJTIydmlzaWJsZS1zbSUyMHZpc2libGUteHMlMjIlM0UlM0NpbWclMjBjbGFzcyUzRCUyMmltZy1mdWxsd2lkdGglMjIlMjBzcmMlM0QlMjJodHRwJTNBJTJGJTJGc21hcnRkYXRhLnRvbnl0ZW1wbGF0ZXMuY29tJTJGY2xlYW5pbmctc2VydmljZSUyRmRlbW8yJTJGd3AtY29udGVudCUyRnVwbG9hZHMlMkZzaXRlcyUyRjUlMkYyMDE5JTJGMDIlMkZhYm91dC1wYWdlLWltZy0xLmpwZyUyMiUyMGFsdCUzRCUyMkFib3V0JTIwVXMlMjIlMjAlMkYlM0UlM0MlMkZkaXYlM0UlMEElM0MlMkZkaXYlM0UlMEElM0NkaXYlMjBjbGFzcyUzRCUyMmNvbC01MCUyMGJnLXRleHQlMjIlM0UlMEElM0NkaXYlMjBjbGFzcyUzRCUyMmJnLXRleHQtaW5zaWRlJTIyJTNFJTBBJTNDaDQlM0VQbHVzJTIwZGUlMjAyMCUyMGFucyUyMGQlRTIlODAlOTlleHAlQzMlQTlyaWVuY2UlMjBkYW5zJTIwbGUlMjBtaWxpZXUlMkMlMjBBQi1FbnZpcm9ubmVtZW50JTIwZXN0JTIwdW5lJTIwc29jaSVDMyVBOXQlQzMlQTklMjBkZSUyMHNlcnZpY2UlMjBkZSUyMG5ldHRveWFnZSUyMHF1aSUyMHNlJTIwZGl2ZXJzaWZpZSUyMGRhbnMlMjBkaXZlcnNlcyUyMHNvbHV0aW9ucyUyMGV0JTIwY29tcCVDMyVBOXRlbmNlcyUyMGRlJTIwcXVhbGl0JUMzJUE5cyUyMHF1aSUyMHNvbnQlMjBmaWFibGVzJTIwcG91ciUyMG5vcyUyMGNsaWVudHMlMjBjb21tZXJjaWF1eCUyQyUyMGNvcnBvcmF0aWZzJTJDJTIwaW5kdXN0cmllbCUyMGV0JTIwciVDMyVBOXNpZGVudGllbHMuJTBBTm91cyUyMHByZW5vbnMlMjAlQzMlQTAlMjBjJUM1JTkzdXIlMjBsZXMlMjBleGlnZW5jZXMlMjBkZSUyMG5vcyUyMGNsaWVudHMlMjBhZmluJTIwZGUlMjBsZXVyJTIwZm91cm5pciUyMHVuZSUyMHByZXN0YXRpb24lMjBkZSUyMG5ldHRveWFnZSUyMGNvaCVDMyVBOXJlbnRzJTIwJUMzJUEwJTIwbGV1cnMlMjBhdHRlbnRlcy4lMEElM0MlMkZkaXYlM0UlMEElM0MlMkZkaXYlM0UlMEElM0MlMkZkaXYlM0U=[\/vc_raw_html][\/vc_column][\/vc_row][vc_row][vc_column][vc_empty_space height=&#8221;50px&#8221;][vc_empty_space height=&#8221;100px&#8221;][\/vc_column][\/vc_row][vc_row el_class=&#8221;block&#8221;][vc_column][vc_single_image image=&#8221;1395&#8243; img_size=&#8221;full&#8221; alignment=&#8221;center&#8221;][\/vc_column][\/vc_row]\" \/>\n<meta property=\"og:url\" content=\"https:\/\/ab-environnement.fr\/?page_id=290\" \/>\n<meta property=\"og:site_name\" content=\"Entreprise de nettoyage\" \/>\n<meta property=\"article:modified_time\" content=\"2021-10-21T13:29:26+00:00\" \/>\n<meta name=\"twitter:card\" content=\"summary_large_image\" \/>\n<meta name=\"twitter:label1\" content=\"Dur\u00e9e de lecture estim\u00e9e\" \/>\n\t<meta name=\"twitter:data1\" content=\"2 minutes\" \/>\n<script type=\"application\/ld+json\" class=\"yoast-schema-graph\">{\"@context\":\"https:\\\/\\\/schema.org\",\"@graph\":[{\"@type\":\"WebPage\",\"@id\":\"https:\\\/\\\/ab-environnement.fr\\\/?page_id=290\",\"url\":\"https:\\\/\\\/ab-environnement.fr\\\/?page_id=290\",\"name\":\"A Propos - Entreprise de nettoyage\",\"isPartOf\":{\"@id\":\"https:\\\/\\\/ab-environnement.fr\\\/#website\"},\"datePublished\":\"2017-06-21T04:59:10+00:00\",\"dateModified\":\"2021-10-21T13:29:26+00:00\",\"breadcrumb\":{\"@id\":\"https:\\\/\\\/ab-environnement.fr\\\/?page_id=290#breadcrumb\"},\"inLanguage\":\"fr-FR\",\"potentialAction\":[{\"@type\":\"ReadAction\",\"target\":[\"https:\\\/\\\/ab-environnement.fr\\\/?page_id=290\"]}]},{\"@type\":\"BreadcrumbList\",\"@id\":\"https:\\\/\\\/ab-environnement.fr\\\/?page_id=290#breadcrumb\",\"itemListElement\":[{\"@type\":\"ListItem\",\"position\":1,\"name\":\"Home\",\"item\":\"https:\\\/\\\/ab-environnement.fr\\\/\"},{\"@type\":\"ListItem\",\"position\":2,\"name\":\"A Propos\"}]},{\"@type\":\"WebSite\",\"@id\":\"https:\\\/\\\/ab-environnement.fr\\\/#website\",\"url\":\"https:\\\/\\\/ab-environnement.fr\\\/\",\"name\":\"Entreprise de nettoyage\",\"description\":\"La propret\u00e9 au service de votre environnement\",\"publisher\":{\"@id\":\"https:\\\/\\\/ab-environnement.fr\\\/#organization\"},\"potentialAction\":[{\"@type\":\"SearchAction\",\"target\":{\"@type\":\"EntryPoint\",\"urlTemplate\":\"https:\\\/\\\/ab-environnement.fr\\\/?s={search_term_string}\"},\"query-input\":{\"@type\":\"PropertyValueSpecification\",\"valueRequired\":true,\"valueName\":\"search_term_string\"}}],\"inLanguage\":\"fr-FR\"},{\"@type\":\"Organization\",\"@id\":\"https:\\\/\\\/ab-environnement.fr\\\/#organization\",\"name\":\"AB-environnement\",\"url\":\"https:\\\/\\\/ab-environnement.fr\\\/\",\"logo\":{\"@type\":\"ImageObject\",\"inLanguage\":\"fr-FR\",\"@id\":\"https:\\\/\\\/ab-environnement.fr\\\/#\\\/schema\\\/logo\\\/image\\\/\",\"url\":\"https:\\\/\\\/ab-environnement.fr\\\/wp-content\\\/uploads\\\/2020\\\/12\\\/LogoAB.png\",\"contentUrl\":\"https:\\\/\\\/ab-environnement.fr\\\/wp-content\\\/uploads\\\/2020\\\/12\\\/LogoAB.png\",\"width\":272,\"height\":109,\"caption\":\"AB-environnement\"},\"image\":{\"@id\":\"https:\\\/\\\/ab-environnement.fr\\\/#\\\/schema\\\/logo\\\/image\\\/\"}}]}<\/script>\n<!-- \/ Yoast SEO plugin. -->","yoast_head_json":{"title":"A Propos - Entreprise de nettoyage","robots":{"index":"index","follow":"follow","max-snippet":"max-snippet:-1","max-image-preview":"max-image-preview:large","max-video-preview":"max-video-preview:-1"},"canonical":"https:\/\/ab-environnement.fr\/?page_id=290","og_locale":"fr_FR","og_type":"article","og_title":"A Propos - Entreprise de nettoyage","og_description":"[vc_row css=&#8221;.vc_custom_1517547723395{margin-top: -25px !important;}&#8221;][vc_column][vc_column_text] Qui Sommes Nous ? Le nettoyage est votre priorit\u00e9 alors pour des services r\u00e9guliers et de qualit\u00e9s pourquoi ne pas nous appeler pour prendre soin de votre environnement. [\/vc_column_text][\/vc_column][\/vc_row][vc_row full_width=&#8221;stretch_row_content_no_spaces&#8221;][vc_column][vc_raw_html]JTNDZGl2JTIwY2xhc3MlM0QlMjJyb3ctZmxleC10ZXh0JTIyJTNFJTBBJTNDZGl2JTIwY2xhc3MlM0QlMjJjb2wtNTAlMjBiZy1jb3ZlciUyMGhpZGUtYmctc20lMjIlMjBzdHlsZSUzRCUyMmJhY2tncm91bmQtaW1hZ2UlM0ElMjB1cmwlMjglMjdodHRwJTNBJTJGJTJGc21hcnRkYXRhLnRvbnl0ZW1wbGF0ZXMuY29tJTJGY2xlYW5pbmctc2VydmljZSUyRmRlbW8yJTJGd3AtY29udGVudCUyRnVwbG9hZHMlMkZzaXRlcyUyRjUlMkYyMDE5JTJGMDIlMkZhYm91dC1wYWdlLWltZy0xLmpwZyUyNyUyOSUzQiUyMiUyMGRhdGEtYmclM0QlMjJodHRwJTNBJTJGJTJGc21hcnRkYXRhLnRvbnl0ZW1wbGF0ZXMuY29tJTJGY2xlYW5pbmctc2VydmljZSUyRmRlbW8yJTJGd3AtY29udGVudCUyRnVwbG9hZHMlMkZzaXRlcyUyRjMlMkYyMDE5JTJGMDElMkZhYm91dC1wYWdlLWltZy0xLmpwZyUyMiUzRSUwQSUzQ2RpdiUyMGNsYXNzJTNEJTIydmlzaWJsZS1zbSUyMHZpc2libGUteHMlMjIlM0UlM0NpbWclMjBjbGFzcyUzRCUyMmltZy1mdWxsd2lkdGglMjIlMjBzcmMlM0QlMjJodHRwJTNBJTJGJTJGc21hcnRkYXRhLnRvbnl0ZW1wbGF0ZXMuY29tJTJGY2xlYW5pbmctc2VydmljZSUyRmRlbW8yJTJGd3AtY29udGVudCUyRnVwbG9hZHMlMkZzaXRlcyUyRjUlMkYyMDE5JTJGMDIlMkZhYm91dC1wYWdlLWltZy0xLmpwZyUyMiUyMGFsdCUzRCUyMkFib3V0JTIwVXMlMjIlMjAlMkYlM0UlM0MlMkZkaXYlM0UlMEElM0MlMkZkaXYlM0UlMEElM0NkaXYlMjBjbGFzcyUzRCUyMmNvbC01MCUyMGJnLXRleHQlMjIlM0UlMEElM0NkaXYlMjBjbGFzcyUzRCUyMmJnLXRleHQtaW5zaWRlJTIyJTNFJTBBJTNDaDQlM0VQbHVzJTIwZGUlMjAyMCUyMGFucyUyMGQlRTIlODAlOTlleHAlQzMlQTlyaWVuY2UlMjBkYW5zJTIwbGUlMjBtaWxpZXUlMkMlMjBBQi1FbnZpcm9ubmVtZW50JTIwZXN0JTIwdW5lJTIwc29jaSVDMyVBOXQlQzMlQTklMjBkZSUyMHNlcnZpY2UlMjBkZSUyMG5ldHRveWFnZSUyMHF1aSUyMHNlJTIwZGl2ZXJzaWZpZSUyMGRhbnMlMjBkaXZlcnNlcyUyMHNvbHV0aW9ucyUyMGV0JTIwY29tcCVDMyVBOXRlbmNlcyUyMGRlJTIwcXVhbGl0JUMzJUE5cyUyMHF1aSUyMHNvbnQlMjBmaWFibGVzJTIwcG91ciUyMG5vcyUyMGNsaWVudHMlMjBjb21tZXJjaWF1eCUyQyUyMGNvcnBvcmF0aWZzJTJDJTIwaW5kdXN0cmllbCUyMGV0JTIwciVDMyVBOXNpZGVudGllbHMuJTBBTm91cyUyMHByZW5vbnMlMjAlQzMlQTAlMjBjJUM1JTkzdXIlMjBsZXMlMjBleGlnZW5jZXMlMjBkZSUyMG5vcyUyMGNsaWVudHMlMjBhZmluJTIwZGUlMjBsZXVyJTIwZm91cm5pciUyMHVuZSUyMHByZXN0YXRpb24lMjBkZSUyMG5ldHRveWFnZSUyMGNvaCVDMyVBOXJlbnRzJTIwJUMzJUEwJTIwbGV1cnMlMjBhdHRlbnRlcy4lMEElM0MlMkZkaXYlM0UlMEElM0MlMkZkaXYlM0UlMEElM0MlMkZkaXYlM0U=[\/vc_raw_html][\/vc_column][\/vc_row][vc_row][vc_column][vc_empty_space height=&#8221;50px&#8221;][vc_empty_space height=&#8221;100px&#8221;][\/vc_column][\/vc_row][vc_row el_class=&#8221;block&#8221;][vc_column][vc_single_image image=&#8221;1395&#8243; img_size=&#8221;full&#8221; alignment=&#8221;center&#8221;][\/vc_column][\/vc_row]","og_url":"https:\/\/ab-environnement.fr\/?page_id=290","og_site_name":"Entreprise de nettoyage","article_modified_time":"2021-10-21T13:29:26+00:00","twitter_card":"summary_large_image","twitter_misc":{"Dur\u00e9e de lecture estim\u00e9e":"2 minutes"},"schema":{"@context":"https:\/\/schema.org","@graph":[{"@type":"WebPage","@id":"https:\/\/ab-environnement.fr\/?page_id=290","url":"https:\/\/ab-environnement.fr\/?page_id=290","name":"A Propos - Entreprise de nettoyage","isPartOf":{"@id":"https:\/\/ab-environnement.fr\/#website"},"datePublished":"2017-06-21T04:59:10+00:00","dateModified":"2021-10-21T13:29:26+00:00","breadcrumb":{"@id":"https:\/\/ab-environnement.fr\/?page_id=290#breadcrumb"},"inLanguage":"fr-FR","potentialAction":[{"@type":"ReadAction","target":["https:\/\/ab-environnement.fr\/?page_id=290"]}]},{"@type":"BreadcrumbList","@id":"https:\/\/ab-environnement.fr\/?page_id=290#breadcrumb","itemListElement":[{"@type":"ListItem","position":1,"name":"Home","item":"https:\/\/ab-environnement.fr\/"},{"@type":"ListItem","position":2,"name":"A Propos"}]},{"@type":"WebSite","@id":"https:\/\/ab-environnement.fr\/#website","url":"https:\/\/ab-environnement.fr\/","name":"Entreprise de nettoyage","description":"La propret\u00e9 au service de votre environnement","publisher":{"@id":"https:\/\/ab-environnement.fr\/#organization"},"potentialAction":[{"@type":"SearchAction","target":{"@type":"EntryPoint","urlTemplate":"https:\/\/ab-environnement.fr\/?s={search_term_string}"},"query-input":{"@type":"PropertyValueSpecification","valueRequired":true,"valueName":"search_term_string"}}],"inLanguage":"fr-FR"},{"@type":"Organization","@id":"https:\/\/ab-environnement.fr\/#organization","name":"AB-environnement","url":"https:\/\/ab-environnement.fr\/","logo":{"@type":"ImageObject","inLanguage":"fr-FR","@id":"https:\/\/ab-environnement.fr\/#\/schema\/logo\/image\/","url":"https:\/\/ab-environnement.fr\/wp-content\/uploads\/2020\/12\/LogoAB.png","contentUrl":"https:\/\/ab-environnement.fr\/wp-content\/uploads\/2020\/12\/LogoAB.png","width":272,"height":109,"caption":"AB-environnement"},"image":{"@id":"https:\/\/ab-environnement.fr\/#\/schema\/logo\/image\/"}}]}},"_links":{"self":[{"href":"https:\/\/ab-environnement.fr\/index.php?rest_route=\/wp\/v2\/pages\/290","targetHints":{"allow":["GET"]}}],"collection":[{"href":"https:\/\/ab-environnement.fr\/index.php?rest_route=\/wp\/v2\/pages"}],"about":[{"href":"https:\/\/ab-environnement.fr\/index.php?rest_route=\/wp\/v2\/types\/page"}],"author":[{"embeddable":true,"href":"https:\/\/ab-environnement.fr\/index.php?rest_route=\/wp\/v2\/users\/1"}],"replies":[{"embeddable":true,"href":"https:\/\/ab-environnement.fr\/index.php?rest_route=%2Fwp%2Fv2%2Fcomments&post=290"}],"version-history":[{"count":9,"href":"https:\/\/ab-environnement.fr\/index.php?rest_route=\/wp\/v2\/pages\/290\/revisions"}],"predecessor-version":[{"id":1396,"href":"https:\/\/ab-environnement.fr\/index.php?rest_route=\/wp\/v2\/pages\/290\/revisions\/1396"}],"wp:attachment":[{"href":"https:\/\/ab-environnement.fr\/index.php?rest_route=%2Fwp%2Fv2%2Fmedia&parent=290"}],"curies":[{"name":"wp","href":"https:\/\/api.w.org\/{rel}","templated":true}]}}